{"id":1526,"date":"2021-03-05T08:22:19","date_gmt":"2021-03-05T08:22:19","guid":{"rendered":"https:\/\/chave.cec.es\/?page_id=1526"},"modified":"2021-03-08T12:57:49","modified_gmt":"2021-03-08T12:57:49","slug":"seleccion-2021","status":"publish","type":"page","link":"https:\/\/chave.cec.es\/index.php\/seleccion-2021\/","title":{"rendered":"SELECCI\u00d3N 2021"},"content":{"rendered":"<p>Para a captaci\u00f3n de candidatos\/as e difusi\u00f3n do Plan Laboral CEC Coru\u00f1a 2021, elab\u00f3rase unha <strong>campa\u00f1a de comunicaci\u00f3n que conta cunha imaxe corporativa que reflicte claramente a localidade da Coru\u00f1a<\/strong>. Esta imaxe utilizarase na p\u00e1xina web, en materiais promocionais e en diferentes medios de comunicaci\u00f3n sempre contando coa coordinaci\u00f3n do Concello da Coru\u00f1a.<\/p>\n<p><img loading=\"lazy\" decoding=\"async\" class=\"aligncenter size-full wp-image-1058\" src=\"https:\/\/chave.cec.es\/wp-content\/uploads\/2018\/09\/seleccion.jpg\" alt=\"\" width=\"1047\" height=\"410\" srcset=\"https:\/\/chave.cec.es\/wp-content\/uploads\/2018\/09\/seleccion.jpg 1047w, https:\/\/chave.cec.es\/wp-content\/uploads\/2018\/09\/seleccion-300x117.jpg 300w, https:\/\/chave.cec.es\/wp-content\/uploads\/2018\/09\/seleccion-768x301.jpg 768w, https:\/\/chave.cec.es\/wp-content\/uploads\/2018\/09\/seleccion-1024x401.jpg 1024w\" sizes=\"auto, (max-width: 1047px) 100vw, 1047px\" \/><\/p>\n<p>Unha vez feita a captaci\u00f3n emp\u00e9zase coa <strong>selecci\u00f3n de participantes<\/strong>, onde contamos cun equipo de profesionais cun amplo abanico de co\u00f1ecementos que se encargar\u00e1n de entrevistar aos participantes dispo\u00f1ibles, seguindo un<strong> criterio homox\u00e9neo<\/strong>, documentado e respectando os <strong>principios de transparencia e obxectividade<\/strong>, para seleccionar o grupo beneficiario definitivo que formar\u00e1 parte do proxecto.<\/p>\n<p>Nesta selecci\u00f3n <strong>terase en conta o inter\u00e9s por insertarse no mercado laboral<\/strong>, o seu grao de motivaci\u00f3n e compromiso, a s\u00faa actitude proactiva e positiva, a s\u00faas habilidades, onde o obxectivo prioritario e que os participantes conformen dous grupos homox\u00e9neos.<\/p>\n","protected":false},"excerpt":{"rendered":"<p>Para a captaci\u00f3n de candidatos\/as e difusi\u00f3n do Plan Laboral CEC Coru\u00f1a 2021, elab\u00f3rase unha campa\u00f1a de comunicaci\u00f3n que conta [&hellip;]<\/p>\n","protected":false},"author":1,"featured_media":0,"parent":0,"menu_order":0,"comment_status":"closed","ping_status":"closed","template":"","meta":{"footnotes":""},"class_list":["post-1526","page","type-page","status-publish","hentry"],"_links":{"self":[{"href":"https:\/\/chave.cec.es\/index.php\/wp-json\/wp\/v2\/pages\/1526","targetHints":{"allow":["GET"]}}],"collection":[{"href":"https:\/\/chave.cec.es\/index.php\/wp-json\/wp\/v2\/pages"}],"about":[{"href":"https:\/\/chave.cec.es\/index.php\/wp-json\/wp\/v2\/types\/page"}],"author":[{"embeddable":true,"href":"https:\/\/chave.cec.es\/index.php\/wp-json\/wp\/v2\/users\/1"}],"replies":[{"embeddable":true,"href":"https:\/\/chave.cec.es\/index.php\/wp-json\/wp\/v2\/comments?post=1526"}],"version-history":[{"count":3,"href":"https:\/\/chave.cec.es\/index.php\/wp-json\/wp\/v2\/pages\/1526\/revisions"}],"predecessor-version":[{"id":1540,"href":"https:\/\/chave.cec.es\/index.php\/wp-json\/wp\/v2\/pages\/1526\/revisions\/1540"}],"wp:attachment":[{"href":"https:\/\/chave.cec.es\/index.php\/wp-json\/wp\/v2\/media?parent=1526"}],"curies":[{"name":"wp","href":"https:\/\/api.w.org\/{rel}","templated":true}]}}

SELECCIÓN 2021

<p>Para a captación de candidatos/as e difusión do Plan Laboral CEC Coruña 2021, elabórase unha <strong>campaña de comunicación que conta cunha imaxe corporativa que reflicte claramente a localidade da Coruña</strong>. Esta imaxe utilizarase na páxina web, en materiais promocionais e en diferentes medios de comunicación sempre contando coa coordinación do Concello da Coruña.</p>
<p><img loading="lazy" decoding="async" class="aligncenter size-full wp-image-1058" src="https://chave.cec.es/wp-content/uploads/2018/09/seleccion.jpg" alt="" width="1047" height="410" srcset="https://chave.cec.es/wp-content/uploads/2018/09/seleccion.jpg 1047w, https://chave.cec.es/wp-content/uploads/2018/09/seleccion-300x117.jpg 300w, https://chave.cec.es/wp-content/uploads/2018/09/seleccion-768x301.jpg 768w, https://chave.cec.es/wp-content/uploads/2018/09/seleccion-1024x401.jpg 1024w" sizes="auto, (max-width: 1047px) 100vw, 1047px" /></p>
<p>Unha vez feita a captación empézase coa <strong>selección de participantes</strong>, onde contamos cun equipo de profesionais cun amplo abanico de coñecementos que se encargarán de entrevistar aos participantes dispoñibles, seguindo un<strong> criterio homoxéneo</strong>, documentado e respectando os <strong>principios de transparencia e obxectividade</strong>, para seleccionar o grupo beneficiario definitivo que formará parte do proxecto.</p>
<p>Nesta selección <strong>terase en conta o interés por insertarse no mercado laboral</strong>, o seu grao de motivación e compromiso, a súa actitude proactiva e positiva, a súas habilidades, onde o obxectivo prioritario e que os participantes conformen dous grupos homoxéneos.</p>

<p>Para a captación de candidatos/as e difusión do Plan Laboral CEC Coruña 2021, elabórase unha campaña de comunicación que conta [&hellip;]</p>
